{"id":92162,"date":"2023-08-09T00:28:46","date_gmt":"2023-08-08T23:28:46","guid":{"rendered":"https:\/\/santepara.ma\/?product=pastiles-kids-fleurs-de-bach-50g"},"modified":"2023-11-04T13:05:37","modified_gmt":"2023-11-04T12:05:37","slug":"pastiles-kids-fleurs-de-bach-50g","status":"publish","type":"product","link":"https:\/\/santepara.ma\/?product=pastiles-kids-fleurs-de-bach-50g","title":{"rendered":"Pastiles Kids fleurs de Bach 50g"},"content":{"rendered":"<p>Pastilles pour enfants \u00e0 la gomme d&rsquo;acacia au go\u00fbt de framboise pour les petits al\u00e9as de leur vie quotidienne.<\/p>\n<ul>\n<li>Sans alcool.<\/li>\n<li>Sans aspartame et gluten.<\/li>\n<li>Sans g\u00e9latine animale.<\/li>\n<li>Sans graisse.<\/li>\n<\/ul>\n","protected":false},"excerpt":{"rendered":"<p>Pastilles pour enfants \u00e0 la gomme d&rsquo;acacia au go\u00fbt de framboise pour les petits al\u00e9as de leur vie quotidienne. Sans<\/p>\n","protected":false},"featured_media":92161,"comment_status":"open","ping_status":"closed","template":"","meta":{"_joinchat":[]},"pwb-brand":[692],"product_cat":[223],"product_tag":[],"brands":[{"id":692,"name":"GINJER","slug":"ginjer"}],"_links":{"self":[{"href":"https:\/\/santepara.ma\/index.php?rest_route=\/wp\/v2\/product\/92162"}],"collection":[{"href":"https:\/\/santepara.ma\/index.php?rest_route=\/wp\/v2\/product"}],"about":[{"href":"https:\/\/santepara.ma\/index.php?rest_route=\/wp\/v2\/types\/product"}],"replies":[{"embeddable":true,"href":"https:\/\/santepara.ma\/index.php?rest_route=%2Fwp%2Fv2%2Fcomments&post=92162"}],"wp:featuredmedia":[{"embeddable":true,"href":"https:\/\/santepara.ma\/index.php?rest_route=\/wp\/v2\/media\/92161"}],"wp:attachment":[{"href":"https:\/\/santepara.ma\/index.php?rest_route=%2Fwp%2Fv2%2Fmedia&parent=92162"}],"wp:term":[{"taxonomy":"pwb-brand","embeddable":true,"href":"https:\/\/santepara.ma\/index.php?rest_route=%2Fwp%2Fv2%2Fpwb-brand&post=92162"},{"taxonomy":"product_cat","embeddable":true,"href":"https:\/\/santepara.ma\/index.php?rest_route=%2Fwp%2Fv2%2Fproduct_cat&post=92162"},{"taxonomy":"product_tag","embeddable":true,"href":"https:\/\/santepara.ma\/index.php?rest_route=%2Fwp%2Fv2%2Fproduct_tag&post=92162"}],"curies":[{"name":"wp","href":"https:\/\/api.w.org\/{rel}","templated":true}]}}