{"id":92260,"date":"2023-08-09T00:29:20","date_gmt":"2023-08-08T23:29:20","guid":{"rendered":"https:\/\/santepara.ma\/?product=racine-vita-huile-essentielle-dorange-douce-10-ml"},"modified":"2023-11-04T13:05:40","modified_gmt":"2023-11-04T12:05:40","slug":"racine-vita-huile-essentielle-dorange-douce-10-ml","status":"publish","type":"product","link":"https:\/\/santepara.ma\/?product=racine-vita-huile-essentielle-dorange-douce-10-ml","title":{"rendered":"RACINE VITA HUILE ESSENTIELLE D&rsquo;ORANGE DOUCE 10 ML"},"content":{"rendered":"<div id=\"page\" class=\"container_9 clearfix\">\n<div id=\"columns\" class=\"grid_9 alpha omega clearfix\">\n<div id=\"center_column\">\n<div id=\"category_produit\">\n<div id=\"more_info_block\" class=\"clear\">\n<div id=\"more_info_sheets\" class=\"sheets align_justify\">\n<div id=\"idTab1\" class=\"rte\">\n<p>reconnue pour ces propri\u00e9t\u00e9s :<\/p>\n<p>Tonique de l\u2019\u00e9piderme.<\/p>\n<p>Apporte un parfum doux et fruit\u00e9, tr\u00e8s agr\u00e9able .<\/p>\n<\/div>\n<\/div>\n<\/div>\n<\/div>\n<\/div>\n<div id=\"right_column\" class=\"column grid_2 omega\"><\/div>\n<\/div>\n<\/div>\n<div id=\"footer\" class=\"grid_9 alpha omega clearfix\">\n<div id=\"sous_footer\">\n<div id=\"block_various_links_footer\" class=\"block_various_links\"><\/div>\n<\/div>\n<\/div>\n","protected":false},"excerpt":{"rendered":"<p>reconnue pour ces propri\u00e9t\u00e9s : Tonique de l\u2019\u00e9piderme. Apporte un parfum doux et fruit\u00e9, tr\u00e8s agr\u00e9able .<\/p>\n","protected":false},"featured_media":92259,"comment_status":"open","ping_status":"closed","template":"","meta":{"_joinchat":[]},"pwb-brand":[417],"product_cat":[290],"product_tag":[],"brands":[{"id":417,"name":"RACINE-VITA","slug":"racine-vita"}],"_links":{"self":[{"href":"https:\/\/santepara.ma\/index.php?rest_route=\/wp\/v2\/product\/92260"}],"collection":[{"href":"https:\/\/santepara.ma\/index.php?rest_route=\/wp\/v2\/product"}],"about":[{"href":"https:\/\/santepara.ma\/index.php?rest_route=\/wp\/v2\/types\/product"}],"replies":[{"embeddable":true,"href":"https:\/\/santepara.ma\/index.php?rest_route=%2Fwp%2Fv2%2Fcomments&post=92260"}],"wp:featuredmedia":[{"embeddable":true,"href":"https:\/\/santepara.ma\/index.php?rest_route=\/wp\/v2\/media\/92259"}],"wp:attachment":[{"href":"https:\/\/santepara.ma\/index.php?rest_route=%2Fwp%2Fv2%2Fmedia&parent=92260"}],"wp:term":[{"taxonomy":"pwb-brand","embeddable":true,"href":"https:\/\/santepara.ma\/index.php?rest_route=%2Fwp%2Fv2%2Fpwb-brand&post=92260"},{"taxonomy":"product_cat","embeddable":true,"href":"https:\/\/santepara.ma\/index.php?rest_route=%2Fwp%2Fv2%2Fproduct_cat&post=92260"},{"taxonomy":"product_tag","embeddable":true,"href":"https:\/\/santepara.ma\/index.php?rest_route=%2Fwp%2Fv2%2Fproduct_tag&post=92260"}],"curies":[{"name":"wp","href":"https:\/\/api.w.org\/{rel}","templated":true}]}}